5b2 - -419?
1a0b
In base 8, what is 444437 + 1?
444440
In base 16, what is 3 + 60c3?
60c6
In base 16, what is -2361a - 0?
-2361a
In base 15, what is 0 - 12001a?
-12001a
In base 4, what is -101301 + 1103?
-100132
In base 10, what is 25 - -123280?
123305
In base 5, what is -110114114 - -2?
-110114112
In base 8, what is 1133 + 21?
1154
In base 15, what is 2 - 1906b?
-19069
In base 12, what is 585 + 4?
589
In base 2, what is -110011011010010 + -100?
-110011011010110
In base 10, what is -3 - 225696?
-225699
In base 4, what is 2033021 + 3?
2033030
In base 3, what is 112 - 222211112?
-222211000
In base 15, what is 4 - -5751?
5755
In base 9, what is -2747 - -186?
-2551
In base 3, what is -10 - 2111011202200?
-2111011202210
In base 5, what is -334003224 + -1?
-334003230
In base 4, what is 30 - 102023111?
-102023021
In base 15, what is -5 - 1994?
-1999
In base 15, what is -1e - 1b09?
-1b28
In base 15, what is -9ad - -10?
-99d
In base 14, what is 1170 + 17?
1187
In base 7, what is -443 + 5522?
5046
In base 3, what is -100 + -2121122002?
-2121122102
In base 7, what is 3 + 2233?
2236
In base 8, what is 461116 - -7?
461125
In base 3, what is 1022020 + -102?
1021211
In base 15, what is 10 - 1ab25?
-1ab15
In base 6, what is -1210531 + 24?
-1210503
In base 3, what is -1001 + -2120221001?
-2120222002
In base 5, what is -40034231 + -4?
-40034240
In base 16, what is 18d + -5?
188
In base 9, what is 115 + -18651?
-18535
In base 9, what is -17 + -77?
-105
In base 3, what is -100 + 20202110011?
20202102211
In base 15, what is -509 + 6?
-503
In base 3, what is 12 - 1012100202212?
-1012100202200
In base 13, what is 4 - -1b44b?
1b452
In base 7, what is 23 + 6660?
10013
In base 14, what is -53993 + -15?
-539a8
In base 5, what is -101 + -104234?
-104340
In base 14, what is -31 - 6697?
-66c8
In base 9, what is 362327 + 2?
362330
In base 7, what is -565 - -11063?
10165
In base 3, what is 11 - -221200101001?
221200101012
In base 13, what is -b - -390a?
38cc
In base 9, what is 27 + 211424?
211452
In base 13, what is c6a7 - -2?
c6a9
In base 3, what is -1120120001222 - 2?
-1120120002001
In base 7, what is -32 - -556?
524
In base 7, what is 3 + -4312120?
-4312114
In base 2, what is -100010110001011110010 + 10?
-100010110001011110000
In base 15, what is ae4 - -3?
ae7
In base 11, what is -3 - -10363?
10360
In base 8, what is -276 - -4053?
3555
In base 14, what is -4c + bab?
b5d
In base 15, what is c990 + 2?
c992
In base 16, what is 7792 + -2?
7790
In base 13, what is -b8 + -1a84?
-1b6c
In base 2, what is 11 - 110001111100011011?
-110001111100011000
In base 10, what is -8404 - -3?
-8401
In base 14, what is 0 - 223b?
-223b
In base 6, what is 10 + -5311?
-5301
In base 11, what is 3a9 - 593?
-195
In base 3, what is 101020 - -200201100?
201002120
In base 9, what is -257 + 302?
34
In base 6, what is -1 + -10205002?
-10205003
In base 2, what is 1101 - -1100000011001001101?
1100000011001011010
In base 3, what is 10210 - 1011212012?
-1011201102
In base 12, what is 2 + -5a19?
-5a17
In base 7, what is 13324 + 1?
13325
In base 4, what is -20001110 + -31?
-20001201
In base 10, what is -111821 + -2?
-111823
In base 3, what is 2012 + 12121?
21210
In base 16, what is 1f917 - -1?
1f918
In base 5, what is 403 + 13043?
14001
In base 3, what is 101022 - -2212?
111011
In base 9, what is -10644 + -14?
-10658
In base 6, what is 133 + -11515?
-11342
In base 14, what is 760462 + -2?
760460
In base 13, what is -1c31 + 6?
-1c28
In base 9, what is 158382 - 6?
158375
In base 7, what is 0 + 43253?
43253
In base 11, what is -2 + -40240?
-40242
In base 13, what is -11506 + -38?
-11541
In base 11, what is 11 - -13a0a?
13a20
In base 11, what is 50114 - -1?
50115
In base 16, what is -47e - 33?
-4b1
In base 11, what is 6a08 - 15?
69a3
In base 8, what is 2 - -11117?
11121
In base 11, what is 151156 - 3?
151153
In base 5, what is -21 + 21022?
21001
In base 8, what is -1135072 + 4?
-1135066
In base 2, what is 1011 + -1001111010100101?
-1001111010011010
In base 11, what is -415 - -1a31?
1617
In base 6, what is -4000 + -41?
-4041
In base 16, what is -e4fe + -10?
-e50e
In base 8, what is -751 + 25?
-724
In base 3, what is -10111201021 + 2?
-10111201012
In base 11, what is -4 - 13182?
-13186
In base 6, what is 122205 - 4?
122201
In base 5, what is -1121432001 - -10?
-1121431441
In base 2, what is -101 - -101001001000101?
101001001000000
In base 2, what is 100111010101 + 1111?
100111100100
In base 14, what is -57312 + 4?
-5730c
In base 4, what is -1 - 23131332?
-23131333
In base 2, what is -11110101101101010 - -11?
-11110101101100111
In base 3, what is -2 - -2111220?
2111211
In base 5, what is -40420 - 102?
-41022
In base 12, what is -28b + 40?
-24b
In base 7, what is -20 + -643?
-663
In base 3, what is 121102002 - 10?
121101222
In base 11, what is -2 - -a20a3?
a20a1
In base 15, what is de - -99?
188
In base 11, what is 36a57 - 1?
36a56
In base 12, what is -3a89 + -260?
-4129
In base 7, what is 13 + 3312?
3325
In base 7, what is -241233 + -20?
-241253
In base 12, what is 258 + 15a?
3b6
In base 10, what is 33 + -3576?
-3543
In base 2, what is -100011101 + 101010?
-11110011
In base 2, what is 11111011001 + 10010100111?
110010000000
In base 5, what is 1003410 - 141?
1003214
In base 5, what is -213 + 114?
-44
In base 5, what is -2013342 - -2?
-2013340
In base 6, what is 2240405 + 15?
2240424
In base 7, what is 465 + -126?
336
In base 14, what is -5965 - 1d?
-5984
In base 12, what is 45 - 277?
-232
In base 3, what is 122021 + 2210?
202001
In base 16, what is 2a84e - 4?
2a84a
In base 12, what is -116939 + 2?
-116937
In base 15, what is 2ae8 - 1ad?
293a
In base 10, what is 77384 + 0?
77384
In base 2, what is 1001111 + -101101101000?
-101100011001
In base 8, what is 17 + 7366?
7405
In base 4, what is 2232 - 10101?
-1203
In base 3, what is -12 + 1112102101110?
1112102101021
In base 4, what is 201320311 + 1?
201320312
In base 11, what is 4 + -5608?
-5604
In base 11, what is 15707 - 35?
15682
In base 7, what is -25 + -311426?
-311454
In base 2, what is -11000111011101000 + -1?
-11000111011101001
In base 12, what is b5843 - 3?
b5840
In base 10, what is 3 + 18678?
18681
In base 4, what is -32 + -223211?
-223303
In base 14, what is 3 - 18b939?
-18b936
In base 14, what is -6493 + -18?
-64ab
In base 14, what is -c + -7659?
-7667
In base 15, what is -1 + -44b84?
-44b85
In base 8, what is -564 - -2745?
2161
In base 2, what is 10 + 11111100010101?
11111100010111
In base 2, what is 10010101 + 101011100?
111110001
In base 7, what is -305 - 1465?
-2103
In base 2, what is 10000111101011 + -11100110?
10000100000101
In base 15, what is -139757 + 2?
-139755
In base 15, what is -c31c82 + -3?
-c31c85
In base 2, what is 1 - 100100110101001?
-100100110101000
In base 9, what is -1088716 + 4?
-1088712
In base 6, what is 123 + 14135?
14302
In base 5, what is -2033302 + 0?
-2033302
In base 13, what is 2001 - 6?
1cc8
In base 14, what is -6785 + -5b?
-6802
In base 15, what is 109 - -27?
131
In base 2, what is -111110001100 + 1100111?
-111100100101
In base 12, what is -225 - -80?
-165
In base 14, what is -55 + 11419?
113a4
In base 16, what is -2a + 517?
4ed
In base 9, what is -742 - 267?
-1120
In base 14, what is 9 + 12db?
1306
In base 4, what is -11 - 2232?
-2303
In base 8, what is -24 - -44?
20
In base 13, what is -1114 - 2a?
-1141
In base 2, what is 101000011010010000 - 101?
101000011010001011
In base 11, what is 21 - 369a?
-3679
In base 14, what is -24c8c + -c?
-24c9a
In base 15, what is -26346 - 0?
-26346
In base 7, what is 0 - 304053?
-304053
In base 2, what is 101010001101001010 - -1?
101010001101001011
In base 8, what is 220 - 564?
-344
In base 7, what is -21 - 100535?
-100556
In base 5, what is 40211311 + -1?
40211310
In base 12, what is 7130 + 6?
7136
In base 2, what is 11111 - 11010001?
-10110010
In base 5, what is 3131023 + -2?
3131021
In base 10, what is -1 - 28138?
-28139
In base 2, what is 1011001010 - 10011110?
1000101100
In base 10, what is -790 + -17?
-807
In base 3, what is 2 + 21210122?
21210201
In base 8, what is -3 + -416?
-421
In base 5, what is -4 + 3001332?
3001323
In base 5, what is 123224320 + 0?
123224320
In base 16, what is -83ae - -3?
-83ab
In base 11, what is 112525 + -22?
112503
In base 14, what is 5 + a277?
a27c
In base 8